er?
False
Is 1572122287 a prime number?
True
Is 2909705753 a prime number?
False
Is 8091044891 a composite number?
False
Is 2104927831 composite?
True
Is 3014389447 composite?
False
Is 362770100281 a prime number?
True
Is 11953780613 a composite number?
False
Is 871006549 prime?
False
Is 328807371 a prime number?
False
Is 8548056919 composite?
True
Is 5585307589 a composite number?
False
Is 2219252899 prime?
True
Is 4056526407 prime?
False
Is 26574300767 a composite number?
True
Is 10087031221 prime?
False
Is 1547885249 a composite number?
False
Is 502052033 prime?
False
Is 1574840453 composite?
False
Is 5861461 composite?
False
Is 4972463266 a composite number?
True
Is 10344835637 a prime number?
True
Is 48180536951 prime?
False
Is 1325600509 a composite number?
False
Is 819470231 a composite number?
False
Is 17716557947 a prime number?
False
Is 11851279009 a composite number?
False
Is 24606541798 a composite number?
True
Is 55556582009 a prime number?
True
Is 13076964127 composite?
False
Is 35122913 a prime number?
False
Is 2103437927 a composite number?
False
Is 4382250753 prime?
False
Is 5634572237 a prime number?
False
Is 2217956473 a composite number?
True
Is 903136709 a composite number?
True
Is 3067880573 a prime number?
True
Is 321966437129 composite?
False
Is 21184281879 prime?
False
Is 6426648859 composite?
True
Is 2236094689 a prime number?
True
Is 28709303471 a prime number?
True
Is 85792175989 prime?
False
Is 174868691 a prime number?
False
Is 47638028155 a composite number?
True
Is 29274898981 prime?
True
Is 2279278579 composite?
True
Is 66880044041 a prime number?
False
Is 40141752239 prime?
True
Is 13878881447 a composite number?
True
Is 9590426413 a prime number?
True
Is 216940121 prime?
True
Is 4497597547 composite?
True
Is 11441294903 prime?
False
Is 134447874251 prime?
True
Is 14332548767 prime?
True
Is 22204290601 composite?
False
Is 5340516613 composite?
True
Is 3373379769 composite?
True
Is 1311527323 a composite number?
True
Is 1779864241 composite?
True
Is 2073361993 a prime number?
True
Is 453258002 composite?
True
Is 4304654233 a composite number?
True
Is 51118872797 a prime number?
True
Is 46952674361 prime?
True
Is 2566391561 composite?
False
Is 211693331 prime?
False
Is 2105195293 a composite number?
True
Is 209017891 a prime number?
True
Is 94862347 composite?
True
Is 67405649 a prime number?
True
Is 1054641571 a composite number?
False
Is 2723201837 a composite number?
True
Is 2807010241 prime?
False
Is 1521696229 a prime number?
False
Is 8110979287 prime?
False
Is 12923767561 a prime number?
True
Is 953459783 a prime number?
True
Is 85652160481 a prime number?
True
Is 4008108397 prime?
True
Is 7460645611 a prime number?
True
Is 15293599 composite?
False
Is 1794761543 a prime number?
True
Is 7854623587 composite?
True
Is 10693487219 a composite number?
True
Is 45118022743 a composite number?
True
Is 309764857 a composite number?
False
Is 19781077663 prime?
False
Is 688108441 composite?
False
Is 1760840857 a prime number?
False
Is 13427860454 a prime number?
False
Is 646735721 prime?
True
Is 3342746557 a composite number?
False
Is 54325195649 a prime number?
False
Is 299367359 a prime number?
True
Is 113555551 a composite number?
False
Is 246774113 a composite number?
False
Is 18615131123 composite?
True
Is 8532069071 a prime number?
True
Is 148293793 a composite number?
True
Is 2119437127 composite?
True
Is 28924270657 a composite number?
False
Is 37054679749 prime?
True
Is 465351485 a prime number?
False
Is 920372131 a composite number?
True
Is 8670420901 a composite number?
False
Is 322138657 a composite number?
False
Is 3067056389 prime?
True
Is 16508025323 prime?
False
Is 1413811171 composite?
True
Is 5175240251 prime?
True
Is 1136565253 prime?
True
Is 27862742447 a composite number?
False
Is 20740101383 a composite number?
True
Is 543629453 a prime number?
False
Is 11610675317 composite?
True
Is 218512313 prime?
True
Is 10858819991 a prime number?
True
Is 45827372999 a prime number?
True
Is 2231575838 composite?
True
Is 6593209289 a prime number?
False
Is 1556383391 prime?
False
Is 29809987783 a composite number?
False
Is 2852529557 prime?
True
Is 5704876127 a prime number?
True
Is 372702569 a prime number?
False
Is 840791927 a composite number?
False
Is 58709704643 prime?
False
Is 34017812389 a composite number?
True
Is 37389763817 prime?
False
Is 7552870103 composite?
False
Is 59212636349 composite?
False
Is 2314133 prime?
True
Is 28482653481 composite?
True
Is 21787673 prime?
True
Is 989867821 composite?
True
Is 6666230623 prime?
False
Is 6206185451 composite?
True
Is 391836343 composite?
True
Is 30212226199 a prime number?
False
Is 194558503 prime?
True
Is 3835517219 composite?
True
Is 134298351943 prime?
False
Is 2550039047 prime?
True
Is 1670047517 prime?
False
Is 492893321 a prime number?
True
Is 53065620791 a prime number?
True
Is 3047379991 composite?
True
Is 3469895059 a composite number?
True
Is 34679164913 a composite number?
True
Is 417227633 a composite number?
True
Is 193172293 a composite number?
False
Is 641592439 composite?
False
Is 129747337 a composite number?
False
Is 5655342353 composite?
False
Is 592246423 composite?
False
Is 4933664713 a prime number?
True
Is 6985457623 a prime number?
True
Is 791920999 composite?
True
Is 1871970277 a composite number?
False
Is 505668803 composite?
False
Is 282120041 prime?
False
Is 883365107 a composite number?
False
Is 23026172269 a prime number?
True
Is 1232169889 a prime number?
True
Is 25618728859 a prime number?
True
Is 8598359479 prime?
False
Is 10743639407 a prime number?
True
Is 14418588133 prime?
False
Is 3359736113 composite?
True
Is 121480621313 prime?
False
Is 916985569 prime?
True
Is 1200049391 composite?
False
Is 637676941 prime?
False
Is 4104982417 a prime number?
False
Is 45550400897 a prime number?
False
Is 134875729 a prime number?
True
Is 41294000549 prime?
True
Is 83746424633 a prime number?
True
Is 111068159 prime?
True
Is 209711611 composite?
False
Is 7131352601 composite?
False
Is 11017151839 composite?
False
Is 120416141 a composite number?
True
Is 11009917591 prime?
True
Is 1469147723 composite?
False
Is 722043757 prime?
False
Is 22143875881 a composite number?
False
Is 50663372261 prime?
False
Is 39865136977 a prime number?
False
Is 1949712799 prime?
False
Is 526184579 a prime number?
True
Is 5298640913 prime?
True
Is 9345341377 a composite number?
True
Is 371292532255 composite?
True
Is 643805603 a prime number?
False
Is 5373078863 composite?
False
Is 17799166659 composite?
True
Is 16426298443 a composite number?
False
Is 19620778663 a prime number?
False
Is 206335861 a prime number?
False
Is 5973304462 a composite number?
True
Is 203188456945 a composite number?
True
Is 84599291197 composite?
False
Is 217662607 a composite number?
False
Is 12520883863 composite?
False
Is 4337324159 a composite number?
True
Is 725557307 a prime number?
False
Is 117078407 composite?
False
Is 2016087971 a composite number?
False
Is 1601965102 composite?
True
Is 22369520093 composite?
True
Is 307010677 composite?
False
Is 16031970517 a composite number?
True
Is 2643572351 a prime number?
False
Is 3468701329 a composite number?
True
Is 33657349577 prime?
False
Is 1542620441 composite?
True
Is 965699821 a composite number?
False
Is 234279485953 a composite number?
True
Is 1113732527 a prime number?
False
Is 23625281233 a composite number?
True
Is 58507533781 prime?
True
Is 938809043 a prime number?
False
Is 622202807 a prime number?
True
Is 46729403573 composite?
False
Is 12941839103 a composite number?
False
Is 1543098589 prime?
False
Is 31548851129 a composite number?
False
Is 33262632353 a composite number?
False
Is 445242961 a prime number?
True
Is 5941263673 a composite number?
False
Is 182408267711 composite?
False
Is 526188067 a composite number?
True
Is 2154793817 a prime number?
False
Is 2384441287 a prime number?
True
Is 23470381933 composite?
False
Is 398154961 a prime number?
True
Is 6492576683 a composite number?
False
Is 8978544673 composite?
True
Is 76472131 a composite number?
True
Is 47091228827 prime?
True
Is 647888447 a prime number?
False
Is 1225560307 prime?
True
Is 1071966281 composite?
True
Is 10199690351 a prime nu